f 17442 and 3234114?
918
What is the highest common factor of 2650 and 424800?
50
What is the highest common divisor of 852 and 7698956?
284
Calculate the greatest common divisor of 36 and 24824826.
18
What is the greatest common divisor of 1554223 and 37224?
11
Calculate the highest common factor of 232 and 299006182.
58
What is the highest common factor of 319896630 and 90?
90
What is the highest common divisor of 665 and 11933615?
95
What is the highest common divisor of 107006925 and 1869?
267
Calculate the highest common divisor of 8825608 and 32.
8
What is the greatest common factor of 74277 and 162309?
2751
Calculate the greatest common divisor of 1056 and 5770182.
66
What is the greatest common divisor of 108 and 701232363?
27
What is the greatest common divisor of 2715825 and 150?
75
Calculate the greatest common factor of 619380 and 2295.
135
What is the greatest common divisor of 240 and 4134608?
16
What is the highest common divisor of 2444 and 20517756?
188
Calculate the greatest common divisor of 673135 and 8235.
305
What is the highest common factor of 15226651 and 77?
11
Calculate the highest common divisor of 17802 and 324048.
258
Calculate the greatest common factor of 3225 and 8983125.
75
What is the highest common divisor of 18334 and 2365704?
206
Calculate the greatest common factor of 2391207 and 3276.
273
What is the highest common divisor of 4 and 14268204?
4
What is the greatest common divisor of 39778671 and 1047?
1047
What is the highest common factor of 207601 and 277985?
53
Calculate the greatest common divisor of 425 and 22523725.
425
What is the highest common factor of 8586015 and 231978?
2829
Calculate the greatest common divisor of 2407 and 270512.
29
What is the highest common divisor of 3270 and 100390?
10
What is the highest common factor of 392644 and 70966?
518
What is the highest common divisor of 5980959 and 17?
1
What is the greatest common divisor of 8004 and 33708?
12
Calculate the highest common divisor of 110 and 2189209770.
110
Calculate the greatest common divisor of 95381 and 18147272.
4147
Calculate the highest common divisor of 1590 and 5815478.
106
Calculate the highest common factor of 376 and 212491042.
94
What is the greatest common factor of 403 and 975598?
13
What is the greatest common divisor of 355280235 and 15?
15
What is the highest common factor of 85069448 and 2792?
2792
Calculate the highest common divisor of 21809325 and 9.
3
Calculate the highest common divisor of 47651 and 21335.
17
What is the greatest common factor of 5368 and 17813464?
488
What is the highest common factor of 13940574 and 492?
246
What is the greatest common factor of 17940376 and 751171?
5483
Calculate the greatest common factor of 8122 and 812331.
131
What is the greatest common factor of 1135875 and 3237?
39
Calculate the greatest common divisor of 6732 and 1220868.
396
What is the highest common divisor of 8220 and 70863935?
685
What is the greatest common divisor of 65415 and 61143?
267
Calculate the greatest common factor of 3250 and 483262.
26
Calculate the greatest common factor of 3318337 and 1947.
649
Calculate the highest common divisor of 598 and 423566.
26
Calculate the highest common divisor of 183708108 and 2966.
2966
What is the greatest common factor of 128 and 51742?
2
Calculate the highest common factor of 4510443 and 427.
7
Calculate the greatest common divisor of 18733 and 122629.
13
Calculate the highest common divisor of 15651400 and 7645.
695
What is the greatest common factor of 7689070 and 23?
1
What is the greatest common factor of 47 and 29043885?
47
Calculate the greatest common divisor of 3199 and 164063.
457
What is the highest common factor of 5581317 and 1468309?
4357
What is the greatest common divisor of 335817 and 4950?
9
What is the highest common factor of 806969 and 37271?
61
What is the greatest common divisor of 6950 and 164620?
10
Calculate the greatest common divisor of 82634590 and 54857.
4987
What is the highest common factor of 5913 and 25434?
81
What is the greatest common factor of 294183628 and 35749?
5107
Calculate the greatest common divisor of 10791536 and 784.
112
Calculate the highest common factor of 4676 and 4715746.
2338
Calculate the greatest common factor of 116874 and 13007070.
774
What is the greatest common divisor of 123798 and 4285518?
2634
What is the highest common factor of 85800 and 141336?
312
Calculate the highest common factor of 4711527 and 57.
3
What is the highest common divisor of 729960 and 435?
15
What is the highest common factor of 383795 and 279715?
6505
What is the greatest common factor of 18164 and 523?
1
What is the highest common divisor of 90 and 747359505?
45
What is the greatest common divisor of 1033721 and 1214?
607
Calculate the highest common divisor of 1143974 and 36478.
598
Calculate the greatest common factor of 1197 and 2810934.
63
Calculate the greatest common factor of 690 and 28900815.
15
What is the greatest common factor of 10443 and 144019?
59
Calculate the greatest common divisor of 483719288 and 36816.
6136
What is the greatest common factor of 92 and 9451597?
23
What is the greatest common divisor of 213443 and 8337241?
463
Calculate the greatest common factor of 4 and 30985568.
4
Calculate the highest common factor of 48 and 364410144.
48
Calculate the greatest common divisor of 54 and 102851721.
27
Calculate the greatest common divisor of 585793 and 3.
1
What is the highest common divisor of 28 and 405800?
4
What is the greatest common divisor of 8789 and 246653?
187
What is the highest common factor of 19398555 and 33?
33
What is the highest common divisor of 125 and 284515525?
25
What is the highest common divisor of 158877900 and 300?
300
What is the greatest common factor of 7613520 and 144?
48
Calculate the highest common factor of 17633529 and 18.
9
Calculate the greatest common factor of 13915084 and 4.
4
Calculate the greatest common divisor of 14 and 102330298.
14
What is the greatest common divisor of 170 and 35487330?
170
What is the highest common divisor of 1684 and 746939884?
1684
What is the highest common divisor of 26309881 and 13?
13
What is the greatest common factor of 28786 and 18?
2
What is the greatest common factor of 742 and 24044881?
371
What is the highest common factor of 157573 and 101483863?
6851
Calculate the greatest common divisor of 830879 and 19082.
203
What is the highest common factor of 818170768 and 1072?
1072
What is the greatest common divisor of 88 and 29871908?
44
What is the greatest common divisor of 8996145 and 5185?
85
What is the highest common divisor of 81 and 12147057?
27
Calculate the highest common factor of 24481042 and 68554.
454
Calculate the highest common divisor of 19 and 31537967.
19
Calculate the greatest common divisor of 1505090 and 1475.
295
Calculate the greatest common factor of 988 and 15970336.
76
What is the greatest common divisor of 954 and 114906?
6
Calculate the greatest common divisor of 6768 and 99477756.
1692
What is the highest common factor of 15631495 and 23265?
2585
Calculate the highest common divisor of 86437254 and 666.
222
What is the highest common divisor of 445021 and 188?
1
Calculate the highest common divisor of 397244 and 752.
188
Calculate the greatest common divisor of 150592 and 71676.
724
What is the greatest common factor of 173678 and 290820?
74
What is the highest common factor of 40500 and 63684?
36
What is the greatest common divisor of 195 and 5032950?
195
Calculate the highest common divisor of 2800 and 8099504.
112
What is the greatest common divisor of 302 and 3003799814?
302
What is the highest common divisor of 20332928 and 126?
14
Calculate the highest common factor of 44312272 and 106672.
1808
What is the greatest common divisor of 18291 and 21138?
39
What is the greatest common factor of 101321462 and 55?
11
Calculate the highest common factor of 27515 and 135670.
5
Calculate the highest common factor of 1100 and 12843490.
110
Calculate the greatest common factor of 53907167 and 38392.
4799
Calculate the greatest common factor of 99640 and 3740740.
1060
Calculate the greatest common factor of 582000 and 103305.
1455
What is the highest common divisor of 788587 and 39697?
53
What is the great